remainder when v is divided by q?
12
Let n = 17425 - 17378. Suppose -206 - 686 = -4*i. What is the remainder when i is divided by n?
35
Let h be 196*(2 + 9/(-6)). Suppose w + 0*w = h. Let p(l) = -l**3 - 15*l**2 - 4*l - 35. Calculate the remainder when w is divided by p(-15).
23
Suppose 0 = -12*b + 672 + 1200. Suppose -16*k - b = -19*k. What is the remainder when k is divided by 4?
0
Let w be (0 + 1)/(-1) - -2. Let c be (0 + 2/w)*-8. What is the remainder when (c/8 + 3)*(-48)/(-2) is divided by 9?
6
Suppose -a - 9*a + 680 = 0. Suppose 2*j = 2*z - 2*j - 48, 5*j + a = 3*z. What is the remainder when 56 is divided by z?
8
Suppose -2272 = -3*p + 26. Let g = -757 + p. Calculate the remainder when 113 is divided by g.
5
Let z be 14/(-16)*2*-12. Suppose -4*o + 88 = -p, -3*o + 80 = p + z. Suppose 3*l = -5*b - l + 16, 2*b + 4*l = 4. What is the remainder when o is divided by b?
1
Suppose 2*l - 5*m = 989, -268*m + 270*m = 14. What is the remainder when l is divided by 127?
4
Suppose 4*n = 270 + 78. Suppose -4*j + 588 = 4*c, -78 + 102 = -4*j. Calculate the remainder when c is divided by n.
66
Suppose b + b - 8 = 0, 4*s = -4*b + 24. Suppose -14*q = -26*q + 396. Calculate the remainder when q is divided by s.
1
What is the remainder when (-392620)/(-100) + (-2)/(-10)*-1 is divided by 51?
50
Let m(n) = 2*n**3 - 232*n**2 + 463*n - 210. What is the remainder when m(114) is divided by 152?
132
Let s = -8059 - -10637. What is the remainder when s is divided by 3?
1
Let d(x) = -x**3 + 7*x**2 - 4*x - 9. Let z be d(-6). Calculate the remainder when 52 is divided by ((-38)/(-12))/19 + z/18.
25
Let i = -7269 - -7843. Calculate the remainder when i is divided by 184.
22
Let k = -65 + 72. Suppose 0 = -k*f + 623 - 252. Suppose 2*d + 24 = 658. Calculate the remainder when d is divided by f.
52
Suppose 3*m = 3*l - 64 + 256, -5*m - l + 356 = 0. Calculate the remainder when 914 is divided by m.
4
Suppose 140 = 4*t - 4*b, -1159*t = -1155*t + 5*b - 212. Calculate the remainder when 610 is divided by t.
8
Let w(r) = 2*r**2 - 18*r - 15767. Let x = -32 + 57. Calculate the remainder when w(94) is divided by x.
13
Calculate the remainder when 11095 + (40/70)/(2 + 39/(-21)) is divided by 15.
14
Let r(k) = -k**2 - 4*k + 1. Let x = 84 - 83. Let n(i) = 11*i**3 + 2*i**2 - 2. Calculate the remainder when n(x) is divided by r(-3).
3
Let z be (3 + 1)/2 + 13. Let k(f) = -f**3 - 10*f**2 - 5*f - 12. Let u be k(-9). What is the remainder when 175 is divided by (z/20 - -2)/((-3)/u)?
43
Let g(d) = 107*d - 2902. Calculate the remainder when g(30) is divided by 72.
20
Suppose 3*j = 4*j - 53. Let p = 476583 - 476468. Calculate the remainder when p is divided by j.
9
Let z be 55/(-15)*(4 - 1). Let n be 1/3 - (z/3 - -4). Suppose n*j + 2*r = 4*j - 26, -5*r - 35 = -5*j. What is the remainder when 15 is divided by j?
3
Suppose 0 = -7638*t + 7599*t + 6942. What is the remainder when t is divided by 30?
28
Let m = 4079 + -2512. Calculate the remainder when m is divided by 11.
5
Suppose 22*n = -15*n - 11*n + 2064. Calculate the remainder when 7653 is divided by n.
42
Let b(s) = -9*s**2 + 36*s. Let q be b(4). Suppose q = -23*f + 2869 + 1133. What is the remainder when f is divided by 22?
20
Let f = -6152 - -6331. What is the remainder when 1063 is divided by f?
168
Let q(i) = 4*i**2 - 158*i + 99. Calculate the remainder when 432 is divided by q(39).
12
Suppose 26*j - 24*j - 316 = 0. Suppose -5*b + 4*z - z = -j, 0 = 3*z + 3. What is the remainder when 121 is divided by b?
28
Let c(l) = -50 - 2*l**2 - 9*l - l**3 + 52 - 2*l**2. What is the remainder when c(-4) is divided by 7?
3
Suppose 2*f + 5*t = 75, -4*f + 5*t + 9 = -216. Suppose 52 = -4*g + 8*g. What is the remainder when f is divided by g?
11
Let s(i) = i**3 + 7*i**2 + 2*i + 16. Let h be s(-7). Suppose 6*y - h*y = 168. Let m = -36 + y. What is the remainder when m is divided by 2?
0
Suppose 7*p - 2*p + 5*a + 1605 = 0, -1605 = 5*p + 3*a. Let n = p + 471. What is the remainder when n is divided by 26?
20
Suppose 4*q - 1039 = 5*l, -622 = -0*l + 3*l - q. Let p = 222 + l. Calculate the remainder when 190 is divided by p.
10
Let y = 5174 - 4695. What is the remainder when y is divided by 124?
107
Suppose 4*s + 2 = 10, -3*i + 3*s = -102. Suppose t + i*x - 19 = 35*x, t + 2*x = 18. Calculate the remainder when 319 is divided by t.
19
Let w(k) = 5 + 5*k**3 + 36*k - 4*k**3 - 35*k + 8*k**2. What is the remainder when w(-6) is divided by (4/(-4))/(3/(-54))?
17
Suppose r - 6 = -3*x, x - 1 = r - 11. Suppose -2*g + 15 = -r. Calculate the remainder when 34 is divided by g.
10
Suppose 4*o + 3*u = 1546, 2*o - u = o + 390. Suppose 8*q + o = 2620. What is the remainder when q is divided by 57?
51
Suppose -5*y - 90 = -9*l + l + 3*l, l = -5*y. Calculate the remainder when 0 + (3/3 - -148) is divided by l.
14
What is the remainder when 19/((-152)/160) - -2129 is divided by 88?
85
Let w(u) = -u**3 + 7*u**2 + 22*u - 93. Calculate the remainder when 276 is divided by w(7).
32
Let j = -1751 + 1761. What is the remainder when (-609)/(-12) + (-4)/(-16) is divided by j?
1
Suppose 4*w + 5*k = 5*w - 15, -4 = -2*w - 3*k. Suppose w*f = -2*l + 796, -4*l + 68 = 4*f - 576. Calculate the remainder when f is divided by 32.
30
Let t = -67 - -90. Let l(z) = 38*z - t*z + 6 - 18*z. Calculate the remainder when 87 is divided by l(-8).
27
Let j(z) = 1376*z**2 - 18 + 1372*z**2 - 2746*z**2 - 4*z. Calculate the remainder when j(-6) is divided by (-4)/18 + (-292)/(-18).
14
Let m = 292 + -274. Suppose -2*s + 12 = -s + 3*w, -4*s + 3*w = -108. What is the remainder when s is divided by m?
6
Let j = 91 + -7. Let q = 192 - j. Calculate the remainder when q is divided by 18210/330 + 18/22 + -1.
53
What is the remainder when 3979 is divided by (7 - 49)*(45/10 + -3 + -2)?
10
Let q = 2877 + -2642. What is the remainder when 1869 is divided by q?
224
Suppose a + 5*n + 9 = 10*n, -4*n + 48 = -2*a. Let c(u) = -u**3 - 34*u**2 + u + 39. What is the remainder when c(a) is divided by 4?
1
Let g(j) = 9*j + 85. Let i be g(-10). Calculate the remainder when 4 + -5 + (1 - -74) + i is divided by 21.
6
Let v be 3 - 32/12 - 55/(-15). Suppose v*n = 5*h + 85, -21 = -4*n + h + 60. Calculate the remainder when 58 is divided by n.
18
Let l be -1*((-1)/5 + (-24)/5). Suppose -3*k + l*b = k - 23, 34 = 2*k + 2*b. Let v = -33 - -68. What is the remainder when v is divided by k?
11
Let h = -141 + 238. Let n = -28 - -40. Suppose -n*o + 22 = -110. What is the remainder when h is divided by o?
9
Suppose 0 = -3*g - 101 + 602. Let b(j) = -j**3 - 9*j**2 - 14*j + 15. Let h be b(-4). Calculate the remainder when g is divided by 1*56 - (-9 - -18)/h.
53
Suppose 18*v = 14*v - 8. Let z be 6*(v - (-182)/(-6)). Let a = -83 - z. Calculate the remainder when a is divided by 38.
35
Suppose 1 = 3*t + 4, 4*g + 5*t - 359 = 0. Suppose 0 = 4*x + 6*a - 126, -3*x = -2*a - 72 - 3. Let f = g - x. Calculate the remainder when f is divided by 13.
12
Suppose 3*i - 250*a = -245*a + 227, -2*i = -3*a - 149. What is the remainder when 7165 is divided by i?
61
Suppose 21*s = 66*s - 13*s - 448. Let j = 18 + 14. What is the remainder when j is divided by s?
4
Suppose 158*b - 3521 = 775 + 918. Calculate the remainder when 1895 is divided by b.
14
Let d = -1 - -4. Suppose -4*y - 2*n = d*n - 111, -33 = -y + 4*n. Let g = 15565 - 15553. What is the remainder when y is divided by g?
5
Let h(g) = 243*g + 339. What is the remainder when 666 is divided by h(-1)?
90
Suppose -164*b + 65*b + 6510 = 2550. What is the remainder when b is divided by 4/(-22) - 246/(-22)?
7
Suppose -251 = -6*z + 415. Suppose 4*x + 12 = 0, 3*n + 0*n = x + z. What is the remainder when n is divided by 13?
10
Let o(v) = 4*v. Let d be o(-2). Let z = -183 + 177. Calculate the remainder when (-444)/(-9) - d/z is divided by 25.
23
Calculate the remainder when 1302 is divided by (-1938)/(-20) - (2/20)/(3 + -4).
41
Suppose 4*j + 2 = -2. Let d = -249 + 216. Calculate the remainder when j/(6/d)*6 is divided by 5.
3
Let u(i) = -i**3 + 22*i**2 + 145*i - 17. What is the remainder when 19843 is divided by u(-6)?
120
Let t be 355/(-10)*12/(-2). Suppose 0 = -t*w + 214*w - 78. Calculate the remainder when w is divided by 16.
14
Suppose 0 = 9*h - 283 - 338. Let p(t) = 119*t**2 + 1. Let x be p(-1). Suppose 5*o - x = -0*o